36
What is the greatest common divisor of 1433968 and 1696?
848
Calculate the greatest common factor of 42 and 11658.
6
What is the highest common divisor of 4667391 and 558?
279
Calculate the greatest common divisor of 3 and 32755.
1
What is the highest common factor of 7740 and 1260?
180
Calculate the highest common divisor of 20617010 and 1706.
1706
Calculate the greatest common factor of 7228382 and 1722.
574
Calculate the highest common divisor of 11276 and 100.
4
What is the highest common divisor of 1675 and 7839?
67
Calculate the highest common factor of 390747 and 3381.
483
What is the highest common factor of 9024 and 140736?
192
Calculate the highest common divisor of 2094526 and 42.
14
What is the greatest common divisor of 38672 and 2192?
16
What is the highest common factor of 50 and 68270?
10
What is the highest common divisor of 55 and 65153?
11
Calculate the highest common factor of 20628 and 228054.
1146
Calculate the highest common divisor of 7 and 2719213.
7
Calculate the highest common divisor of 324 and 350442.
18
What is the highest common divisor of 2030 and 435?
145
Calculate the greatest common factor of 2028 and 182013.
507
What is the highest common divisor of 320416 and 45152?
544
What is the highest common divisor of 1863 and 3427?
23
Calculate the highest common divisor of 837183 and 1611.
537
Calculate the highest common factor of 18742 and 2.
2
Calculate the greatest common divisor of 29 and 90451.
29
What is the greatest common divisor of 1150 and 91400?
50
Calculate the greatest common divisor of 48 and 108408.
24
What is the greatest common factor of 113907 and 129?
129
What is the greatest common factor of 2056519 and 656?
41
What is the greatest common divisor of 2988 and 2172?
12
Calculate the highest common divisor of 19136 and 234.
26
Calculate the highest common factor of 20125 and 119.
7
What is the highest common divisor of 3195 and 497?
71
Calculate the highest common divisor of 7528 and 8.
8
What is the greatest common divisor of 4852970 and 790?
790
What is the highest common divisor of 35 and 606606?
7
Calculate the highest common divisor of 38184 and 48.
24
Calculate the highest common divisor of 1096 and 236.
4
What is the greatest common factor of 186 and 58776?
186
What is the greatest common factor of 298528 and 9728?
608
Calculate the greatest common factor of 48025 and 3655.
85
Calculate the greatest common factor of 31374 and 45.
9
What is the greatest common divisor of 152 and 812117?
19
Calculate the highest common divisor of 104031 and 1431.
27
Calculate the greatest common factor of 110435 and 208.
13
What is the greatest common factor of 3564 and 51007?
11
Calculate the highest common factor of 7280970 and 930.
930
What is the highest common factor of 1972 and 57884?
116
Calculate the greatest common factor of 19 and 52079.
19
What is the highest common divisor of 1031986 and 2?
2
What is the highest common divisor of 67332 and 744?
372
Calculate the highest common divisor of 266458 and 17.
17
What is the highest common factor of 700 and 4723775?
175
What is the highest common factor of 5175 and 3565?
115
Calculate the greatest common factor of 10 and 19130.
10
What is the highest common factor of 611 and 340327?
611
What is the highest common factor of 280 and 5679100?
140
What is the highest common divisor of 171575 and 25?
25
Calculate the greatest common factor of 75 and 2555.
5
Calculate the greatest common factor of 2139 and 217212.
69
Calculate the highest common factor of 26 and 1624012.
26
What is the highest common divisor of 661000 and 140?
20
What is the greatest common divisor of 2 and 378514?
2
Calculate the highest common divisor of 23207 and 10090.
1009
What is the highest common divisor of 56 and 8164016?
56
What is the highest common factor of 707556 and 18?
6
What is the highest common divisor of 33583 and 3569?
43
Calculate the greatest common factor of 206 and 458.
2
What is the highest common divisor of 23216 and 1488?
16
Calculate the highest common factor of 2331 and 16576.
259
What is the greatest common factor of 34770 and 3050?
610
Calculate the greatest common divisor of 288 and 429453.
9
What is the highest common divisor of 324 and 14054148?
324
What is the highest common divisor of 38703 and 1539?
57
Calculate the greatest common divisor of 15 and 18075.
15
What is the highest common factor of 1844414 and 286?
286
Calculate the greatest common factor of 453616 and 48.
16
Calculate the highest common factor of 1059199 and 37.
37
Calculate the highest common divisor of 222992 and 34496.
1232
Calculate the greatest common divisor of 201949 and 121.
121
Calculate the highest common divisor of 174 and 199404.
174
What is the greatest common divisor of 164656 and 11972?
164
Calculate the highest common divisor of 2 and 977.
1
Calculate the greatest common factor of 1284 and 183291.
321
What is the greatest common factor of 2745 and 1228845?
915
What is the highest common factor of 505 and 35855?
505
Calculate the highest common factor of 14632 and 33040.
472
Calculate the greatest common divisor of 768732 and 42.
6
Calculate the highest common divisor of 234 and 8931.
39
What is the greatest common divisor of 516529 and 13?
13
What is the highest common factor of 1876926 and 248?
62
Calculate the greatest common factor of 2899831 and 11.
11
Calculate the greatest common factor of 956 and 924452.
956
Calculate the highest common factor of 1357 and 46.
23
What is the highest common divisor of 7525 and 143276?
301
What is the highest common factor of 3980 and 2150?
10
Calculate the greatest common factor of 1086270 and 30.
30
Calculate the highest common divisor of 224542 and 5776.
722
What is the greatest common divisor of 1555918 and 910?
182
What is the highest common divisor of 51472 and 64?
16
What is the highest common divisor of 1476 and 72652?
164
Calculate the highest common factor of 122640 and 945.
105
What is the highest common divisor of 63 and 20748?
21
What is the highest common divisor of 97808 and 24?
8
What is the highest common factor of 19000 and 25?
25
Calculate the greatest common divisor of 51 and 180336.
51
What is the highest common factor of 640825 and 25?
25
What is the highest common factor of 55233 and 532?
19
Calculate the greatest common divisor of 2821 and 50995.
217
Calculate the greatest common divisor of 111 and 555.
111
What is the greatest common divisor of 11 and 654665?
11
What is the highest common divisor of 33338 and 10507?
79
Calculate the greatest common factor of 1618 and 256.
2
What is the highest common divisor of 385 and 1421?
7
What is the highest common factor of 32 and 844?
4
What is the greatest common factor of 29719 and 1052?
263
What is the greatest common factor of 4738 and 1242?
46
What is the greatest common divisor of 110219 and 57?
19
What is the greatest common divisor of 79212 and 294?
42
What is the highest common divisor of 1815 and 585?
15
Calculate the highest common factor of 1102 and 565384.
58
Calculate the highest common divisor of 112536 and 1809.
27
What is the greatest common factor of 511820 and 180?
20
Calculate the highest common factor of 158460 and 2565.
285
What is the greatest common factor of 11169 and 45?
9
What is the greatest common factor of 336 and 4320?
48
What is the greatest common factor of 2508 and 860871?
627
What is the highest common factor of 6896 and 20?
4
What is the greatest common factor of 1013325 and 14160?
885
Calculate the greatest common factor of 55 and 117885.
5
What is the greatest common factor of 4294 and 8136?
226
Calculate the greatest common divisor of 776 and 58.
2
Calculate the greatest common factor of 409 and 10792283.
409
Calculate the highest common divisor of 144544 and 32.
32
Calculate the greatest common divisor of 730 and 422.
2
What is the greatest common divisor of 498 and 33947?
83
What is the greatest common factor of 12 and 86252?
4
What is the highest common divisor of 410724 and 27?
27
Calculate the highest common factor of 130 and 3872726.
26
Calculate the highest common divisor of 10 and 230402.
2
What is the highest common divisor of 2496990 and 15?
15
Calculate the greatest common factor of 482924 and 40160.
1004
What is the h